{"id":9,"date":"2015-11-14T10:59:24","date_gmt":"2015-11-14T10:59:24","guid":{"rendered":"https:\/\/airfusion-film.ch\/?page_id=9"},"modified":"2023-07-09T19:15:45","modified_gmt":"2023-07-09T19:15:45","slug":"ueber-uns","status":"publish","type":"page","link":"https:\/\/airfusion-film.ch\/index.php\/ueber-uns\/","title":{"rendered":"\u00dcber Uns"},"content":{"rendered":"<div class=\"fusion-fullwidth fullwidth-box fusion-builder-row-1 fusion-flex-container nonhundred-percent-fullwidth non-hundred-percent-height-scrolling\" style=\"--awb-background-position:left top;--awb-border-sizes-top:0px;--awb-border-sizes-bottom:0px;--awb-border-sizes-left:0px;--awb-border-sizes-right:0px;--awb-border-radius-top-left:0px;--awb-border-radius-top-right:0px;--awb-border-radius-bottom-right:0px;--awb-border-radius-bottom-left:0px;--awb-padding-top:160px;--awb-padding-bottom:100px;--awb-padding-top-medium:80px;--awb-background-color:#212326;--awb-flex-wrap:wrap;\" ><div class=\"fusion-builder-row fusion-row fusion-flex-align-items-flex-start fusion-flex-content-wrap\" style=\"max-width:1216.8px;margin-left: calc(-4% \/ 2 );margin-right: calc(-4% \/ 2 );\"><div class=\"fusion-layout-column fusion_builder_column fusion-builder-column-0 fusion_builder_column_2_3 2_3 fusion-flex-column\" style=\"--awb-padding-top:0%;--awb-padding-right:9%;--awb-padding-bottom:0%;--awb-padding-left:9%;--awb-bg-size:cover;--awb-width-large:66.666666666667%;--awb-margin-top-large:0px;--awb-spacing-right-large:2.88%;--awb-margin-bottom-large:50px;--awb-spacing-left-large:2.88%;--awb-width-medium:100%;--awb-spacing-right-medium:1.92%;--awb-spacing-left-medium:1.92%;--awb-width-small:100%;--awb-spacing-right-small:1.92%;--awb-spacing-left-small:1.92%;\"><div class=\"fusion-column-wrapper fusion-flex-justify-content-flex-start fusion-content-layout-column\"><div class=\"fusion-title title fusion-title-1 fusion-sep-none fusion-title-text fusion-title-size-three\"><h3 class=\"fusion-title-heading title-heading-left fusion-responsive-typography-calculated\" style=\"margin:0;--fontSize:22;line-height:2.22;\"><p style=\"text-align: right;\">Mathias<\/p><\/h3><\/div><div class=\"fusion-title title fusion-title-2 fusion-sep-none fusion-title-text fusion-title-size-five\"><h5 class=\"fusion-title-heading title-heading-left fusion-responsive-typography-calculated\" style=\"margin:0;--fontSize:14;--minFontSize:14;line-height:2.14;\"><p style=\"text-align: right;\"><em>Gesch\u00e4ftsinhaber<\/em><\/p><\/h5><\/div><div class=\"fusion-text fusion-text-1\"><p style=\"text-align: right;\">Eine Filmaufnahme aus der Luft, das fasziniert mich sehr. Daher bauten wir uns eine eigene Drohne, die gr\u00f6sser und vor allem auch eine gr\u00f6ssere und bessere Kamera tragen kann. Nach Stunden langem Testen und diversen Verbesserungen haben wir nun ein sehr flexibel einsetzbare Drohe entwickelt. Auch das Bearbeiten bis hin zu komplizierten Post-Produktionen macht mir viel Spass.<\/p>\n<\/div><\/div><\/div><div class=\"fusion-layout-column fusion_builder_column fusion-builder-column-1 fusion_builder_column_1_3 1_3 fusion-flex-column\" style=\"--awb-padding-top:0%;--awb-padding-right:9%;--awb-padding-bottom:0%;--awb-padding-left:9%;--awb-bg-size:cover;--awb-width-large:33.333333333333%;--awb-margin-top-large:0px;--awb-spacing-right-large:5.76%;--awb-margin-bottom-large:50px;--awb-spacing-left-large:5.76%;--awb-width-medium:100%;--awb-spacing-right-medium:1.92%;--awb-spacing-left-medium:1.92%;--awb-width-small:100%;--awb-spacing-right-small:1.92%;--awb-spacing-left-small:1.92%;\"><div class=\"fusion-column-wrapper fusion-flex-justify-content-flex-start fusion-content-layout-column\"><div class=\"fusion-image-element \" style=\"--awb-caption-title-font-family:var(--h2_typography-font-family);--awb-caption-title-font-weight:var(--h2_typography-font-weight);--awb-caption-title-font-style:var(--h2_typography-font-style);--awb-caption-title-size:var(--h2_typography-font-size);--awb-caption-title-transform:var(--h2_typography-text-transform);--awb-caption-title-line-height:var(--h2_typography-line-height);--awb-caption-title-letter-spacing:var(--h2_typography-letter-spacing);\"><span class=\" fusion-imageframe imageframe-none imageframe-1 hover-type-none\"><img decoding=\"async\" width=\"1161\" height=\"1205\" title=\"20230709_AirFusion_Mathias_v01\" src=\"https:\/\/airfusion-film.ch\/wp-content\/uploads\/2023\/07\/20230709_AirFusion_Mathias_v01.jpg\" alt class=\"img-responsive wp-image-1463\" srcset=\"https:\/\/airfusion-film.ch\/wp-content\/uploads\/2023\/07\/20230709_AirFusion_Mathias_v01-200x208.jpg 200w, https:\/\/airfusion-film.ch\/wp-content\/uploads\/2023\/07\/20230709_AirFusion_Mathias_v01-400x415.jpg 400w, https:\/\/airfusion-film.ch\/wp-content\/uploads\/2023\/07\/20230709_AirFusion_Mathias_v01-600x623.jpg 600w, https:\/\/airfusion-film.ch\/wp-content\/uploads\/2023\/07\/20230709_AirFusion_Mathias_v01-800x830.jpg 800w, https:\/\/airfusion-film.ch\/wp-content\/uploads\/2023\/07\/20230709_AirFusion_Mathias_v01.jpg 1161w\" sizes=\"(max-width: 1024px) 100vw, (max-width: 640px) 100vw, 400px\" \/><\/span><\/div><\/div><\/div><div class=\"fusion-layout-column fusion_builder_column fusion-builder-column-2 fusion_builder_column_1_3 1_3 fusion-flex-column\" style=\"--awb-padding-top:0%;--awb-padding-right:9%;--awb-padding-bottom:0%;--awb-padding-left:9%;--awb-bg-size:cover;--awb-width-large:33.333333333333%;--awb-margin-top-large:0px;--awb-spacing-right-large:5.76%;--awb-margin-bottom-large:50px;--awb-spacing-left-large:5.76%;--awb-width-medium:100%;--awb-spacing-right-medium:1.92%;--awb-spacing-left-medium:1.92%;--awb-width-small:100%;--awb-spacing-right-small:1.92%;--awb-spacing-left-small:1.92%;\"><div class=\"fusion-column-wrapper fusion-flex-justify-content-flex-start fusion-content-layout-column\"><div class=\"fusion-image-element \" style=\"--awb-caption-title-font-family:var(--h2_typography-font-family);--awb-caption-title-font-weight:var(--h2_typography-font-weight);--awb-caption-title-font-style:var(--h2_typography-font-style);--awb-caption-title-size:var(--h2_typography-font-size);--awb-caption-title-transform:var(--h2_typography-text-transform);--awb-caption-title-line-height:var(--h2_typography-line-height);--awb-caption-title-letter-spacing:var(--h2_typography-letter-spacing);\"><span class=\" fusion-imageframe imageframe-none imageframe-2 hover-type-none\"><img decoding=\"async\" width=\"1036\" height=\"1094\" title=\"20230709_AirFusion_Jonatan_v01\" src=\"https:\/\/airfusion-film.ch\/wp-content\/uploads\/2023\/07\/20230709_AirFusion_Jonatan_v01.jpg\" alt class=\"img-responsive wp-image-1462\" srcset=\"https:\/\/airfusion-film.ch\/wp-content\/uploads\/2023\/07\/20230709_AirFusion_Jonatan_v01-200x211.jpg 200w, https:\/\/airfusion-film.ch\/wp-content\/uploads\/2023\/07\/20230709_AirFusion_Jonatan_v01-400x422.jpg 400w, https:\/\/airfusion-film.ch\/wp-content\/uploads\/2023\/07\/20230709_AirFusion_Jonatan_v01-600x634.jpg 600w, https:\/\/airfusion-film.ch\/wp-content\/uploads\/2023\/07\/20230709_AirFusion_Jonatan_v01-800x845.jpg 800w, https:\/\/airfusion-film.ch\/wp-content\/uploads\/2023\/07\/20230709_AirFusion_Jonatan_v01.jpg 1036w\" sizes=\"(max-width: 1024px) 100vw, (max-width: 640px) 100vw, 400px\" \/><\/span><\/div><\/div><\/div><div class=\"fusion-layout-column fusion_builder_column fusion-builder-column-3 fusion_builder_column_2_3 2_3 fusion-flex-column\" style=\"--awb-padding-top:0%;--awb-padding-right:9%;--awb-padding-bottom:0%;--awb-padding-left:9%;--awb-bg-size:cover;--awb-width-large:66.666666666667%;--awb-margin-top-large:0px;--awb-spacing-right-large:2.88%;--awb-margin-bottom-large:50px;--awb-spacing-left-large:2.88%;--awb-width-medium:100%;--awb-spacing-right-medium:1.92%;--awb-spacing-left-medium:1.92%;--awb-width-small:100%;--awb-spacing-right-small:1.92%;--awb-spacing-left-small:1.92%;\"><div class=\"fusion-column-wrapper fusion-flex-justify-content-flex-start fusion-content-layout-column\"><div class=\"fusion-title title fusion-title-3 fusion-sep-none fusion-title-text fusion-title-size-three\"><h3 class=\"fusion-title-heading title-heading-left fusion-responsive-typography-calculated\" style=\"margin:0;--fontSize:22;line-height:2.22;\">Jonatan<\/h3><\/div><div class=\"fusion-title title fusion-title-4 fusion-sep-none fusion-title-text fusion-title-size-five\"><h5 class=\"fusion-title-heading title-heading-left fusion-responsive-typography-calculated\" style=\"margin:0;--fontSize:14;--minFontSize:14;line-height:2.14;\"><em>Gesch\u00e4ftsinhaber<\/em><\/h5><\/div><div class=\"fusion-text fusion-text-2\"><div class=\"message-body-wrapper\">\n<div class=\"body color-primary-font-color\" dir=\"auto\" data-unread-text=\"Ungelesene Nachrichten\">Noch eine bessere Perspektive, eine ruhigere Kameraf\u00fchrung, dieser eine Take, der alles \u00fcbertrifft. Solche Ziele spornten mich schon immer an. Jedoch nicht nur w\u00e4hrend den Drehaufnahmen, sondern auch der Postproduktion schenkte ich immer mehr Interesse. So arbeitete ich mich nicht nur in Cut und Colorgrading ein, sondern auch in komplizierte Visual-Effekts Programme.<\/div>\n<\/div>\n<\/div><\/div><\/div><div class=\"fusion-layout-column fusion_builder_column fusion-builder-column-4 fusion_builder_column_2_3 2_3 fusion-flex-column\" style=\"--awb-padding-top:0%;--awb-padding-right:9%;--awb-padding-bottom:0%;--awb-padding-left:9%;--awb-bg-size:cover;--awb-width-large:66.666666666667%;--awb-margin-top-large:0px;--awb-spacing-right-large:2.88%;--awb-margin-bottom-large:50px;--awb-spacing-left-large:2.88%;--awb-width-medium:100%;--awb-spacing-right-medium:1.92%;--awb-spacing-left-medium:1.92%;--awb-width-small:100%;--awb-spacing-right-small:1.92%;--awb-spacing-left-small:1.92%;\"><div class=\"fusion-column-wrapper fusion-flex-justify-content-flex-start fusion-content-layout-column\"><div class=\"fusion-title title fusion-title-5 fusion-sep-none fusion-title-text fusion-title-size-three\"><h3 class=\"fusion-title-heading title-heading-left fusion-responsive-typography-calculated\" style=\"margin:0;--fontSize:22;line-height:2.22;\"><p style=\"text-align: right;\">Sara<\/p><\/h3><\/div><div class=\"fusion-title title fusion-title-6 fusion-sep-none fusion-title-text fusion-title-size-five\"><h5 class=\"fusion-title-heading title-heading-left fusion-responsive-typography-calculated\" style=\"margin:0;--fontSize:14;--minFontSize:14;line-height:2.14;\"><p style=\"text-align: right;\"><em>Fotografin<\/em><\/p><\/h5><\/div><div class=\"fusion-text fusion-text-3\"><div class=\"message-body-wrapper\">\n<div class=\"body color-primary-font-color\" dir=\"auto\" style=\"text-align: right;\" data-unread-text=\"Ungelesene Nachrichten\">Vor ca. 10 Jahren habe ich meine erste Kamera geschenkt gekriegt, seither bin ich zu einer leidenschaftlichen Fotografin geworden. Ich habe immer mehr gemerkt, dass vor allem die People-Photography mich sehr fasziniert. Die Arbeit mit Familien, Paaren, Kindern, aber auch mit Hochzeitsgesellschaften macht unglaublich viel Spass und hier kann ich meiner Kreativit\u00e4t freien Lauf lassen.<\/div>\n<\/div>\n<\/div><\/div><\/div><div class=\"fusion-layout-column fusion_builder_column fusion-builder-column-5 fusion_builder_column_1_3 1_3 fusion-flex-column\" style=\"--awb-padding-top:0%;--awb-padding-right:9%;--awb-padding-bottom:0%;--awb-padding-left:9%;--awb-bg-size:cover;--awb-width-large:33.333333333333%;--awb-margin-top-large:0px;--awb-spacing-right-large:5.76%;--awb-margin-bottom-large:50px;--awb-spacing-left-large:5.76%;--awb-width-medium:100%;--awb-spacing-right-medium:1.92%;--awb-spacing-left-medium:1.92%;--awb-width-small:100%;--awb-spacing-right-small:1.92%;--awb-spacing-left-small:1.92%;\"><div class=\"fusion-column-wrapper fusion-flex-justify-content-flex-start fusion-content-layout-column\"><div class=\"fusion-image-element \" style=\"--awb-caption-title-font-family:var(--h2_typography-font-family);--awb-caption-title-font-weight:var(--h2_typography-font-weight);--awb-caption-title-font-style:var(--h2_typography-font-style);--awb-caption-title-size:var(--h2_typography-font-size);--awb-caption-title-transform:var(--h2_typography-text-transform);--awb-caption-title-line-height:var(--h2_typography-line-height);--awb-caption-title-letter-spacing:var(--h2_typography-letter-spacing);\"><span class=\" fusion-imageframe imageframe-none imageframe-3 hover-type-none\"><img decoding=\"async\" width=\"1200\" height=\"1800\" title=\"20230709_AirFusion_Sara_v01\" src=\"https:\/\/airfusion-film.ch\/wp-content\/uploads\/2023\/07\/20230709_AirFusion_Sara_v01.jpg\" alt class=\"img-responsive wp-image-1464\" srcset=\"https:\/\/airfusion-film.ch\/wp-content\/uploads\/2023\/07\/20230709_AirFusion_Sara_v01-200x300.jpg 200w, https:\/\/airfusion-film.ch\/wp-content\/uploads\/2023\/07\/20230709_AirFusion_Sara_v01-400x600.jpg 400w, https:\/\/airfusion-film.ch\/wp-content\/uploads\/2023\/07\/20230709_AirFusion_Sara_v01-600x900.jpg 600w, https:\/\/airfusion-film.ch\/wp-content\/uploads\/2023\/07\/20230709_AirFusion_Sara_v01-800x1200.jpg 800w, https:\/\/airfusion-film.ch\/wp-content\/uploads\/2023\/07\/20230709_AirFusion_Sara_v01.jpg 1200w\" sizes=\"(max-width: 1024px) 100vw, (max-width: 640px) 100vw, 400px\" \/><\/span><\/div><\/div><\/div><\/div><\/div>\n","protected":false},"excerpt":{"rendered":"","protected":false},"author":2,"featured_media":0,"parent":0,"menu_order":4,"comment_status":"closed","ping_status":"closed","template":"100-width.php","meta":{"footnotes":""},"class_list":["post-9","page","type-page","status-publish","hentry"],"_links":{"self":[{"href":"https:\/\/airfusion-film.ch\/index.php\/wp-json\/wp\/v2\/pages\/9","targetHints":{"allow":["GET"]}}],"collection":[{"href":"https:\/\/airfusion-film.ch\/index.php\/wp-json\/wp\/v2\/pages"}],"about":[{"href":"https:\/\/airfusion-film.ch\/index.php\/wp-json\/wp\/v2\/types\/page"}],"author":[{"embeddable":true,"href":"https:\/\/airfusion-film.ch\/index.php\/wp-json\/wp\/v2\/users\/2"}],"replies":[{"embeddable":true,"href":"https:\/\/airfusion-film.ch\/index.php\/wp-json\/wp\/v2\/comments?post=9"}],"version-history":[{"count":18,"href":"https:\/\/airfusion-film.ch\/index.php\/wp-json\/wp\/v2\/pages\/9\/revisions"}],"predecessor-version":[{"id":1468,"href":"https:\/\/airfusion-film.ch\/index.php\/wp-json\/wp\/v2\/pages\/9\/revisions\/1468"}],"wp:attachment":[{"href":"https:\/\/airfusion-film.ch\/index.php\/wp-json\/wp\/v2\/media?parent=9"}],"curies":[{"name":"wp","href":"https:\/\/api.w.org\/{rel}","templated":true}]}}